Cliccate su un Anno o un Mese per visualizzare il corrispondente resoconto
Resoconto relativo a 2017 Apr
Monthly Climatological Summary for apr 2017 Name: Oregon City: Soresina State: Italia Elevation: 70 m Lat: N 45° 17' 27" Lon: E 009° 50' 41" Temperature (°C), Rain (mm), Wind Speed (km/h) Heat Cool Avg Mean Deg Deg Wind Dom Day Temp High Time Low Time Days Days Rain Speed High Time Dir ---------------------------------------------------------------------------------- 1 17,0 23,3 15:17 11,4 05:52 2,4 1,1 0,0 4,3 18,0 16:28 E 2 15,2 20,2 12:22 10,4 03:33 3,3 0,2 0,0 3,7 21,2 15:50 E 3 17,3 26,2 16:19 8,7 06:43 3,1 2,1 0,0 2,2 16,2 12:10 NO 4 18,0 25,4 15:52 10,3 07:09 2,4 2,1 0,0 2,0 23,8 23:42 ENE 5 14,0 18,8 16:26 11,1 23:52 4,3 0,0 14,5 4,4 24,8 00:40 ESE 6 14,9 22,3 15:44 7,5 06:52 4,2 0,8 0,0 2,3 10,4 14:13 SSO 7 15,3 19,6 14:19 11,6 06:50 3,1 0,1 0,0 3,4 23,4 06:13 ENE 8 16,2 23,7 17:12 8,1 05:56 3,4 1,3 0,0 1,7 13,0 14:57 E 9 17,9 25,2 15:47 11,5 07:07 2,3 1,9 0,0 0,7 13,7 11:35 E 10 19,1 27,0 16:45 11,3 07:00 1,7 2,6 0,0 0,4 10,1 15:35 SSO 11 19,2 26,0 14:46 11,4 06:58 1,4 2,4 0,0 1,2 13,0 17:07 E 12 18,8 25,2 15:54 14,1 06:16 1,3 1,8 0,0 1,6 17,3 09:32 E 13 18,8 26,9 17:10 11,5 06:31 2,0 2,4 0,0 1,6 19,1 15:14 O 14 18,3 25,3 18:04 11,3 06:37 1,9 1,9 0,0 0,3 10,4 16:56 SSO 15 18,3 24,3 15:44 13,4 06:47 1,6 1,6 0,0 1,6 15,5 19:07 E 16 18,2 26,8 16:05 11,3 06:09 2,4 2,2 0,0 1,9 17,3 17:04 O 17 15,7 21,3 16:57 10,6 06:18 3,1 0,5 0,0 3,6 19,4 07:48 E 18 11,8 18,5 15:08 6,2 23:07 6,5 0,0 0,0 2,4 20,9 15:57 E 19 10,2 18,4 13:39 1,6 04:54 8,1 0,0 0,0 1,8 31,7 17:18 NE 20 11,5 18,9 14:59 3,2 05:59 6,8 0,0 0,0 2,9 21,2 23:19 SO 21 13,1 20,1 16:24 6,7 05:55 5,3 0,1 0,0 1,1 18,4 00:03 ENE 22 14,6 24,2 16:35 3,6 06:20 5,0 1,3 0,0 0,2 15,5 14:57 SO 23 16,1 23,1 16:11 7,6 06:32 3,3 1,1 0,0 0,8 17,6 23:14 E 24 16,0 20,6 15:55 13,4 06:11 2,5 0,2 0,0 2,7 29,5 13:04 ENE 25 16,6 20,6 16:44 12,9 07:33 2,2 0,4 0,0 2,2 22,0 17:26 ENE 26 13,6 16,4 03:38 12,4 21:26 4,7 0,0 15,7 6,0 21,2 09:40 ENE 27 13,8 17,0 11:24 12,1 23:56 4,5 0,0 12,4 2,4 13,7 17:34 NNE 28 12,6 18,0 16:51 8,5 23:53 5,7 0,0 0,0 5,7 23,0 16:31 SSO 29 13,4 19,8 16:12 5,6 04:55 5,0 0,2 0,0 1,0 13,0 18:14 E 30 14,8 20,9 16:29 8,3 06:21 3,8 0,4 0,0 0,6 19,1 12:52 E ---------------------------------------------------------------------------------- 15,7 27,0 10 1,6 19 107,3 28,7 42,6 2,2 31,7 19 E Max >= 27,0: 1 Max <= 0,0: 0 Min <= 0,0: 0 Min <= -18,0: 0 Max Rain: 15,7 on day 26 Days of Rain: 3 (>= 0,2 mm) 3 (>= 2,0 mm) 0 (>= 20,0 mm) Heat Base: 18,3 Cool Base: 18,3 Method: Integration