Cliccate su un Anno o un Mese per visualizzare il corrispondente resoconto
Resoconto relativo a 2017 Mar
Monthly Climatological Summary for mar 2017 Name: Oregon City: Soresina State: Italia Elevation: 70 m Lat: N 45° 17' 27" Lon: E 009° 50' 41" Temperature (°C), Rain (mm), Wind Speed (km/h) Heat Cool Avg Mean Deg Deg Wind Dom Day Temp High Time Low Time Days Days Rain Speed High Time Dir ---------------------------------------------------------------------------------- 1 10,9 18,1 16:08 5,3 06:33 7,4 0,0 0,0 5,4 21,2 11:06 OSO 2 10,3 18,9 15:07 3,8 06:59 8,0 0,0 0,0 2,8 11,9 09:20 E 3 8,6 10,6 16:35 5,9 04:33 9,7 0,0 1,0 2,4 9,7 08:58 ENE 4 9,7 11,7 16:59 7,9 23:56 8,6 0,0 10,9 6,6 32,0 11:26 E 5 10,8 17,9 14:51 6,1 07:18 7,5 0,0 0,0 2,5 13,7 10:58 ENE 6 9,5 14,9 14:41 4,5 07:55 8,8 0,0 1,5 3,1 14,0 14:48 NNE 7 10,5 20,1 13:13 3,1 05:57 7,9 0,1 0,2 4,3 20,2 15:18 NO 8 9,8 18,5 15:24 1,6 06:38 8,5 0,0 0,0 1,9 11,2 13:27 SO 9 11,8 21,2 17:01 2,7 05:15 6,9 0,4 0,0 1,6 10,1 11:53 ONO 10 14,2 24,8 14:43 4,9 06:14 5,5 1,4 0,0 2,9 16,9 21:44 ENE 11 11,7 18,2 13:38 4,5 06:57 6,6 0,0 0,0 4,2 16,2 10:37 ENE 12 10,8 17,1 15:16 4,8 06:17 7,5 0,0 0,0 3,8 16,9 11:24 E 13 10,5 17,6 16:26 4,3 07:01 7,8 0,0 0,0 2,3 13,0 09:52 E 14 12,2 20,9 15:59 4,5 06:54 6,3 0,3 0,0 1,4 13,7 14:09 O 15 12,9 19,3 15:32 5,7 07:00 5,5 0,0 0,0 3,3 16,2 09:43 E 16 12,7 21,6 15:21 5,3 05:51 6,0 0,4 0,0 1,2 10,4 09:43 ESE 17 14,4 23,4 14:30 5,0 06:53 5,0 1,1 0,0 1,8 13,0 16:02 ONO 18 14,0 22,8 14:21 8,2 06:21 4,8 0,5 0,0 2,7 17,3 14:42 O 19 13,6 19,8 14:53 6,9 06:53 4,8 0,2 0,0 2,6 9,7 15:33 E 20 14,1 21,1 15:13 8,9 06:08 4,5 0,3 0,0 2,1 9,4 13:49 E 21 15,0 19,0 14:14 12,6 04:15 3,3 0,0 0,0 4,4 16,6 14:32 ENE 22 13,5 17,8 14:47 11,0 04:48 4,8 0,0 0,0 6,6 19,8 16:37 E 23 13,4 16,4 15:46 11,1 04:40 4,9 0,0 0,3 5,6 17,3 05:51 ENE 24 13,7 18,2 13:28 10,9 06:32 4,6 0,0 0,0 2,8 9,7 12:35 NO 25 15,1 22,0 15:18 9,7 06:55 3,9 0,7 2,3 3,3 23,4 21:18 ESE 26 13,4 18,9 15:50 9,8 06:28 4,7 0,0 10,8 5,2 21,2 20:32 N 27 12,2 18,2 16:08 8,1 05:22 6,1 0,0 0,0 3,5 16,2 00:24 E 28 13,5 22,9 16:32 5,3 06:44 5,7 0,8 0,0 1,8 13,7 12:54 O 29 15,7 25,5 15:07 6,6 07:44 4,3 1,7 0,0 1,7 12,6 14:14 OSO 30 17,3 26,7 14:40 8,4 05:57 3,3 2,3 0,0 1,2 9,0 16:22 SO 31 17,7 26,3 16:07 9,4 07:14 2,7 2,0 0,0 2,0 13,7 11:42 E ---------------------------------------------------------------------------------- 12,7 26,7 30 1,6 8 185,9 12,2 27,0 3,1 32,0 4 ENE Max >= 27,0: 0 Max <= 0,0: 0 Min <= 0,0: 0 Min <= -18,0: 0 Max Rain: 10,9 on day 4 Days of Rain: 7 (>= 0,2 mm) 3 (>= 2,0 mm) 0 (>= 20,0 mm) Heat Base: 18,3 Cool Base: 18,3 Method: Integration