Cliccate su un Anno o un Mese per visualizzare il corrispondente resoconto
Resoconto relativo a 2017 Gen
Monthly Climatological Summary for gen 2017 Name: Oregon City: Soresina State: Italia Elevation: 70 m Lat: N 45° 17' 27" Lon: E 009° 50' 41" Temperature (°C), Rain (mm), Wind Speed (km/h) Heat Cool Avg Mean Deg Deg Wind Dom Day Temp High Time Low Time Days Days Rain Speed High Time Dir ---------------------------------------------------------------------------------- 1 -1,2 4,5 15:35 -4,4 02:29 19,5 0,0 0,2 1,1 6,8 13:42 OSO 2 2,9 9,1 13:41 -3,1 01:30 15,4 0,0 0,0 1,1 7,9 01:09 O 3 3,2 9,6 14:48 -0,8 07:56 15,1 0,0 0,0 1,2 10,4 13:10 SE 4 2,9 10,9 15:39 -1,8 04:06 15,4 0,0 0,0 3,2 13,7 20:54 O 5 4,5 10,5 13:30 -0,6 02:06 13,8 0,0 0,0 5,5 28,1 12:21 NO 6 0,0 6,1 14:05 -4,8 07:36 18,3 0,0 0,0 2,5 9,7 14:18 SE 7 -1,5 3,7 15:05 -6,4 07:27 19,8 0,0 0,0 1,9 8,6 00:10 ENE 8 -1,9 2,3 15:20 -5,1 23:44 20,2 0,0 0,0 1,9 11,5 14:03 E 9 -1,2 6,8 14:45 -5,5 02:26 19,5 0,0 0,0 2,4 12,6 11:25 ONO 10 -1,4 0,7 17:01 -5,2 06:49 19,7 0,0 0,0 2,5 10,4 02:28 ENE 11 -0,6 0,7 14:32 -1,9 19:59 18,9 0,0 0,0 3,6 16,6 03:16 ENE 12 0,3 1,3 12:38 -0,7 01:00 18,0 0,0 0,0 4,1 14,0 13:45 E 13 1,3 5,8 15:21 -0,6 05:27 17,0 0,0 0,5 4,3 16,6 13:55 ONO 14 3,0 10,2 13:15 -1,3 08:27 15,3 0,0 0,0 3,3 15,1 13:22 NO 15 3,2 11,4 14:53 -1,8 23:58 15,1 0,0 0,0 2,0 14,4 11:28 NNE 16 0,1 8,2 13:39 -5,7 08:14 18,2 0,0 0,0 1,7 15,5 14:10 NE 17 1,7 9,8 14:31 -1,9 06:26 16,6 0,0 0,0 1,5 9,7 15:38 O 18 1,6 9,2 14:18 -4,2 07:18 16,7 0,0 0,0 1,2 8,6 12:32 ONO 19 2,0 9,4 13:17 -2,6 08:15 16,3 0,0 0,0 1,4 12,2 14:18 E 20 1,1 9,0 13:52 -4,1 08:35 17,2 0,0 0,0 0,8 6,8 14:29 NNE 21 1,0 10,0 15:32 -4,8 07:32 17,3 0,0 0,0 0,7 5,0 12:37 NNO 22 1,5 10,2 13:54 -5,2 07:09 16,8 0,0 0,0 1,5 11,9 15:03 NE 23 2,4 10,2 14:44 -3,3 05:55 15,9 0,0 0,0 1,2 8,6 13:29 OSO 24 3,7 13,8 15:42 -2,5 07:06 14,6 0,0 0,0 1,0 7,9 15:01 OSO 25 3,1 10,6 13:58 -2,0 06:57 15,0 0,0 0,0 2,1 10,4 11:59 E 26 1,0 7,0 15:20 -3,0 02:00 17,3 0,0 0,0 3,5 16,2 14:49 E 27 1,5 8,0 14:02 -3,5 03:39 16,8 0,0 0,0 1,1 9,0 14:27 O 28 1,5 7,9 14:20 -3,2 07:53 16,8 0,0 0,0 1,8 9,0 02:36 SSE 29 1,3 8,8 15:16 -3,4 05:18 17,0 0,0 0,0 1,0 5,4 16:09 ENE 30 2,1 5,6 14:25 -2,4 01:47 16,2 0,0 0,0 1,4 6,5 13:22 SO 31 3,2 4,1 14:09 2,7 04:48 15,1 0,0 0,8 0,7 4,7 05:16 SE ---------------------------------------------------------------------------------- 1,4 13,8 24 -6,4 7 524,8 0,0 1,5 2,0 28,1 5 NNE Max >= 27,0: 0 Max <= 0,0: 0 Min <= 0,0: 30 Min <= -18,0: 0 Max Rain: 0,8 on day 31 Days of Rain: 3 (>= 0,2 mm) 0 (>= 2,0 mm) 0 (>= 20,0 mm) Heat Base: 18,3 Cool Base: 18,3 Method: Integration