Cliccate su un Anno o un Mese per visualizzare il corrispondente resoconto
Resoconto relativo a 2016 Nov
Monthly Climatological Summary for nov 2016 Name: Oregon City: Soresina State: Italia Elevation: 70 m Lat: N 45° 17' 27" Lon: E 009° 50' 41" Temperature (°C), Rain (mm), Wind Speed (km/h) Heat Cool Avg Mean Deg Deg Wind Dom Day Temp High Time Low Time Days Days Rain Speed High Time Dir ---------------------------------------------------------------------------------- 1 11,4 16,0 14:52 9,1 02:32 6,9 0,0 0,0 1,3 9,4 07:59 OSO 2 13,7 17,8 12:25 11,5 03:00 4,6 0,0 0,0 1,0 8,6 09:41 O 3 12,9 15,7 15:15 11,1 05:14 5,4 0,0 0,0 2,6 15,5 21:02 E 4 11,9 15,8 12:39 9,7 07:02 6,4 0,0 0,0 2,1 10,1 00:10 E 5 10,2 11,5 00:47 9,6 07:15 8,1 0,0 23,8 0,9 10,1 13:06 OSO 6 10,9 13,5 15:15 8,3 23:54 7,4 0,0 1,2 0,9 12,2 21:16 O 7 9,4 17,1 15:10 4,1 06:42 8,9 0,0 0,3 0,7 6,5 13:19 NNE 8 7,6 14,7 13:15 3,7 05:15 10,7 0,0 0,0 0,8 7,6 14:09 SO 9 5,8 9,3 14:14 1,6 06:09 12,5 0,0 0,0 0,9 8,6 18:37 SO 10 6,3 13,0 14:56 1,8 07:53 12,0 0,0 0,0 1,7 10,8 09:59 SO 11 6,3 9,8 14:06 3,9 01:34 12,0 0,0 0,2 1,9 15,5 19:54 OSO 12 6,2 15,1 15:57 0,5 06:51 12,1 0,0 0,2 1,1 10,4 14:58 OSO 13 6,8 11,6 13:01 2,1 04:54 11,5 0,0 0,0 1,9 16,2 15:02 E 14 7,8 10,5 13:26 5,6 23:59 10,5 0,0 0,0 2,0 10,4 13:31 SE 15 5,3 10,2 12:20 1,7 23:56 13,0 0,0 0,0 1,8 10,4 12:21 ENE 16 5,1 11,7 13:25 0,4 06:53 13,2 0,0 0,0 0,5 6,8 10:11 SO 17 7,3 12,2 12:33 3,8 03:56 11,0 0,0 0,0 0,8 6,8 13:36 NNE 18 8,9 11,0 13:48 7,6 05:14 9,4 0,0 0,0 0,5 5,8 15:08 NO 19 8,9 10,2 11:43 7,9 22:26 9,4 0,0 0,0 0,6 9,4 07:27 O 20 8,2 9,4 14:56 7,0 06:39 10,1 0,0 0,7 0,6 6,5 19:10 SO 21 9,8 10,9 17:18 8,5 00:00 8,5 0,0 4,9 0,9 10,4 09:43 E 22 11,6 13,3 14:59 10,5 00:59 6,7 0,0 5,2 0,4 6,1 13:05 S 23 14,3 16,3 13:30 11,7 00:00 4,0 0,0 0,0 3,5 22,0 12:06 E 24 14,4 15,5 15:11 13,3 07:13 3,9 0,0 2,9 6,6 22,7 20:02 ENE 25 14,2 15,2 14:32 12,7 22:55 4,1 0,0 7,5 5,4 20,9 05:52 ENE 26 12,3 16,5 14:19 8,3 23:18 6,0 0,0 0,5 1,6 11,9 13:26 O 27 8,1 10,3 14:13 5,9 06:58 10,2 0,0 0,2 1,0 9,0 21:26 E 28 8,9 12,6 14:13 6,8 23:58 9,4 0,0 0,2 4,0 31,0 21:33 E 29 5,8 10,3 13:42 1,5 23:58 12,5 0,0 0,0 3,1 21,2 00:00 ENE 30 3,3 10,1 13:48 -1,2 07:24 15,0 0,0 0,0 0,9 9,4 12:02 O ---------------------------------------------------------------------------------- 9,1 17,8 2 -1,2 30 275,4 0,0 47,8 1,7 31,0 28 E Max >= 27,0: 0 Max <= 0,0: 0 Min <= 0,0: 1 Min <= -18,0: 0 Max Rain: 23,8 on day 5 Days of Rain: 13 (>= 0,2 mm) 5 (>= 2,0 mm) 1 (>= 20,0 mm) Heat Base: 18,3 Cool Base: 18,3 Method: Integration