Cliccate su un Anno o un Mese per visualizzare il corrispondente resoconto
Resoconto relativo a 2016 Giu
Monthly Climatological Summary for giu 2016 Name: Oregon City: Soresina State: Italia Elevation: 70 m Lat: N 45° 17' 27" Lon: E 009° 50' 41" Temperature (°C), Rain (mm), Wind Speed (km/h) Heat Cool Avg Mean Deg Deg Wind Dom Day Temp High Time Low Time Days Days Rain Speed High Time Dir ---------------------------------------------------------------------------------- 1 19,2 26,6 13:48 14,4 01:42 1,2 2,1 0,0 1,2 14,0 16:34 N 2 19,7 26,7 15:56 15,2 04:12 0,9 2,2 0,0 0,3 12,6 19:26 OSO 3 20,3 24,9 12:10 16,3 05:15 0,5 2,5 0,0 0,0 1,4 11:52 NNE 4 19,5 25,2 17:41 16,1 03:36 0,4 1,7 4,2 0,0 0,0 00:00 --- 5 21,3 29,2 14:42 16,0 05:51 0,5 3,5 0,0 0,4 13,7 17:51 N 6 21,8 28,7 16:59 17,4 05:13 0,1 3,6 0,0 0,0 0,0 00:00 --- 7 23,8 31,1 16:58 16,8 05:44 0,1 5,6 0,0 1,7 9,4 17:18 NE 8 22,0 29,8 15:00 17,2 05:52 0,1 3,7 3,0 1,5 29,9 18:21 ENE 9 19,7 26,4 15:37 16,3 17:48 0,4 1,8 28,6 0,7 36,0 17:00 NE 10 21,8 27,3 16:42 15,3 04:37 0,6 4,1 0,2 0,0 2,2 17:24 SE 11 21,9 28,1 16:38 18,2 04:50 0,0 3,6 0,0 0,1 6,5 19:18 NNO 12 20,2 25,4 17:06 16,5 09:02 0,2 2,2 2,1 1,5 11,2 17:07 SSE 13 22,4 29,1 14:15 16,2 05:29 0,2 4,3 0,0 3,4 16,6 21:30 ESE 14 20,5 26,2 16:51 15,8 05:43 0,4 2,6 3,4 4,6 24,8 23:09 ENE 15 21,0 27,0 15:39 14,4 05:43 0,9 3,7 24,3 2,5 23,8 00:09 SSE 16 22,6 27,5 16:15 18,6 06:26 0,0 4,3 1,8 8,5 28,1 17:13 E 17 22,2 26,9 16:58 17,4 05:56 0,0 3,9 0,0 4,7 24,5 12:51 SSO 18 20,8 28,9 16:33 14,9 05:49 0,8 3,3 0,0 2,0 27,0 19:01 NNO 19 19,6 23,9 17:56 15,2 05:02 0,9 2,1 0,0 2,1 15,5 14:25 ENE 20 22,8 30,0 15:01 15,4 05:25 0,5 5,0 0,0 2,6 13,0 17:12 S 21 24,9 31,8 17:13 19,3 01:40 0,0 6,6 0,0 2,9 13,7 09:26 ENE 22 26,7 33,3 17:33 19,0 05:26 0,0 8,4 0,0 1,7 10,4 13:53 S 23 28,2 34,8 16:51 20,3 05:56 0,0 9,9 0,0 1,2 13,0 15:19 ESE 24 28,9 36,1 15:51 21,6 04:53 0,0 10,6 0,0 1,3 10,4 17:15 S 25 29,2 36,1 15:56 22,6 05:48 0,0 10,9 0,0 2,2 14,0 10:20 NE 26 27,0 32,9 17:38 20,9 06:07 0,0 8,7 0,0 3,9 20,9 22:19 E 27 25,5 32,8 16:06 18,4 05:55 0,0 7,2 0,0 2,7 14,0 21:05 O 28 26,3 33,3 17:52 20,4 04:10 0,0 8,0 0,0 3,6 15,8 08:56 ENE 29 26,8 32,9 16:21 20,1 06:26 0,0 8,5 0,0 3,9 13,7 15:44 E 30 26,8 33,6 14:59 21,4 05:15 0,0 8,5 0,0 2,9 13,7 15:33 S ---------------------------------------------------------------------------------- 23,1 36,1 24 14,4 1 8,7 153,1 67,6 2,1 36,0 9 E Max >= 27,0: 21 Max <= 0,0: 0 Min <= 0,0: 0 Min <= -18,0: 0 Max Rain: 28,6 on day 9 Days of Rain: 8 (>= 0,2 mm) 6 (>= 2,0 mm) 2 (>= 20,0 mm) Heat Base: 18,3 Cool Base: 18,3 Method: Integration