Cliccate su un Anno o un Mese per visualizzare il corrispondente resoconto
Resoconto relativo a 2016 Mag
Monthly Climatological Summary for mag 2016 Name: Oregon City: Soresina State: Italia Elevation: 70 m Lat: N 45° 17' 27" Lon: E 009° 50' 41" Temperature (°C), Rain (mm), Wind Speed (km/h) Heat Cool Avg Mean Deg Deg Wind Dom Day Temp High Time Low Time Days Days Rain Speed High Time Dir ---------------------------------------------------------------------------------- 1 11,8 15,2 17:15 10,0 05:49 6,5 0,0 7,0 3,1 15,8 11:50 NE 2 14,2 19,3 16:42 10,4 04:41 4,1 0,1 0,3 1,9 12,2 13:11 SO 3 17,3 25,6 16:31 9,7 05:29 2,9 1,9 0,0 2,2 16,9 16:50 SO 4 18,1 25,4 14:12 10,2 06:13 2,3 2,1 0,0 2,4 13,0 16:16 SO 5 17,8 22,6 15:36 13,6 07:12 1,6 1,1 0,0 4,6 27,4 01:58 E 6 17,9 24,4 16:29 10,1 05:32 2,5 2,0 0,0 2,0 16,9 16:13 SE 7 19,3 26,3 16:36 12,3 06:21 1,5 2,5 0,0 2,6 17,6 13:14 ESE 8 19,4 25,0 15:13 14,4 05:59 0,9 2,0 0,0 4,5 20,2 14:36 E 9 17,2 20,2 17:19 14,5 06:31 1,4 0,2 2,8 1,5 12,6 11:53 NNE 10 17,7 21,4 18:47 14,9 04:40 1,3 0,6 3,1 1,5 10,4 09:21 ENE 11 15,6 16,8 00:00 14,1 23:10 2,8 0,0 38,5 6,3 24,5 22:10 E 12 16,3 22,0 13:39 13,7 05:26 2,5 0,4 2,1 2,3 17,6 15:20 NE 13 16,0 19,4 15:14 12,7 06:05 2,4 0,1 2,1 1,3 10,1 16:36 NNO 14 17,6 26,3 15:48 13,0 03:34 2,5 1,8 26,6 2,3 31,0 19:11 ENE 15 17,7 26,2 16:40 12,4 04:47 2,3 1,7 0,0 3,9 24,5 20:03 ESE 16 16,0 21,6 16:02 11,5 04:52 2,8 0,5 0,0 4,9 20,2 21:35 E 17 16,8 22,2 15:06 9,8 05:01 2,5 1,1 0,0 2,7 12,6 01:00 SE 18 18,5 25,8 14:37 11,1 05:28 1,9 2,1 0,0 2,5 13,0 13:50 ENE 19 14,1 17,1 00:00 12,0 11:12 4,2 0,0 19,9 3,2 19,4 08:10 NE 20 18,2 25,5 17:32 10,0 05:45 2,4 2,3 0,0 2,2 16,6 15:53 SSO 21 21,3 30,0 17:08 12,5 06:07 1,1 4,2 0,0 1,6 12,2 12:18 E 22 22,5 29,0 15:25 14,6 05:58 0,4 4,6 0,0 3,3 13,7 12:29 E 23 17,5 21,4 14:06 11,6 19:02 1,5 0,7 21,0 6,1 28,1 16:50 ESE 24 19,4 28,4 17:10 11,3 06:16 2,1 3,1 0,0 0,0 2,2 13:41 NO 25 20,3 27,6 15:45 12,8 05:42 1,2 3,2 0,0 0,2 2,5 09:13 ONO 26 21,9 28,3 15:01 14,4 05:27 0,8 4,4 0,0 0,0 1,8 00:02 NO 27 23,5 30,0 16:17 15,8 06:05 0,3 5,5 0,0 0,8 10,4 15:53 SSE 28 24,6 30,4 16:53 19,3 05:16 0,0 6,3 0,0 2,8 15,8 09:44 E 29 19,2 22,4 00:00 16,7 23:45 0,2 1,0 9,3 5,0 20,5 14:23 ENE 30 17,9 22,0 12:57 15,7 14:04 1,0 0,6 9,0 2,4 14,8 15:13 NE 31 18,6 24,8 13:27 15,6 06:12 1,0 1,3 0,0 1,9 21,2 16:23 O ---------------------------------------------------------------------------------- 18,2 30,4 28 9,7 3 60,9 57,4 141,7 2,6 31,0 14 E Max >= 27,0: 7 Max <= 0,0: 0 Min <= 0,0: 0 Min <= -18,0: 0 Max Rain: 38,5 on day 11 Days of Rain: 12 (>= 0,2 mm) 11 (>= 2,0 mm) 3 (>= 20,0 mm) Heat Base: 18,3 Cool Base: 18,3 Method: Integration