Cliccate su un Anno o un Mese per visualizzare il corrispondente resoconto
Resoconto relativo a 2016 Apr
Monthly Climatological Summary for apr 2016 Name: Oregon City: Soresina State: Italia Elevation: 70 m Lat: N 45° 17' 27" Lon: E 009° 50' 41" Temperature (°C), Rain (mm), Wind Speed (km/h) Heat Cool Avg Mean Deg Deg Wind Dom Day Temp High Time Low Time Days Days Rain Speed High Time Dir ---------------------------------------------------------------------------------- 1 15,0 19,1 15:51 11,2 07:10 3,4 0,0 0,0 1,5 11,9 00:20 E 2 15,5 20,4 16:29 12,3 23:51 3,0 0,2 0,0 3,0 16,2 14:08 E 3 16,1 22,8 13:13 9,7 05:54 3,4 1,2 0,0 1,2 9,4 16:04 ESE 4 15,5 19,8 15:51 11,6 07:13 2,9 0,1 0,0 4,3 17,3 22:09 E 5 14,9 20,8 17:00 11,5 05:39 3,7 0,2 0,0 2,9 13,0 01:21 ENE 6 16,9 24,7 15:42 9,9 07:38 2,9 1,5 0,0 0,5 6,8 10:05 OSO 7 16,7 21,6 16:29 12,7 07:28 2,3 0,7 0,0 3,7 16,9 16:16 E 8 14,9 19,3 16:43 10,8 06:22 3,5 0,1 0,0 2,7 22,0 19:14 ENE 9 15,8 21,2 16:09 11,5 07:04 3,1 0,6 0,0 2,7 17,3 19:38 SSE 10 16,5 25,2 16:35 8,3 06:59 3,4 1,6 0,0 1,0 10,1 17:35 ONO 11 17,2 24,5 15:44 9,2 06:49 2,9 1,8 0,0 1,3 11,2 14:36 O 12 18,0 25,1 16:46 10,0 07:05 2,4 2,1 0,0 1,2 10,4 14:56 NO 13 17,5 26,5 16:30 11,0 06:13 2,3 1,5 4,4 1,9 17,6 20:20 ENE 14 17,3 25,6 15:52 10,1 07:00 3,0 2,0 2,3 2,8 16,6 22:57 O 15 17,2 23,8 14:28 11,0 06:28 2,4 1,3 0,0 3,1 14,0 00:56 ENE 16 18,0 23,8 14:11 11,6 05:26 1,9 1,7 0,0 3,8 20,9 17:20 E 17 18,7 25,0 16:42 13,5 06:43 1,2 1,6 0,0 6,8 30,2 17:45 SE 18 18,0 25,4 14:30 10,6 06:27 2,3 1,9 0,0 4,3 28,4 17:18 S 19 15,8 22,7 13:33 10,0 02:41 3,5 1,1 0,2 3,9 15,5 16:19 SSO 20 18,9 22,2 16:16 12,9 00:07 0,6 1,0 0,0 5,4 19,4 10:48 E 21 17,0 23,4 15:48 9,9 06:23 2,5 1,2 0,0 2,8 12,6 11:26 ESE 22 18,4 26,0 15:34 12,1 06:51 1,8 1,9 0,0 2,1 21,2 17:32 SSO 23 16,3 19,8 12:54 13,5 23:02 2,1 0,1 8,3 2,8 15,1 21:45 E 24 13,2 20,8 13:46 8,4 23:57 5,2 0,1 8,8 7,2 29,2 18:08 ENE 25 12,6 20,2 16:25 4,5 06:35 5,9 0,2 0,0 2,6 19,1 15:44 O 26 12,4 17,9 16:18 6,4 06:32 5,9 0,0 0,0 5,6 19,1 21:32 E 27 14,7 21,0 13:56 9,0 06:19 4,2 0,5 0,0 5,4 23,8 15:11 NNE 28 12,4 16,6 17:49 8,6 05:26 5,9 0,0 0,0 6,3 24,8 00:59 E 29 15,0 20,7 16:48 10,3 07:32 3,6 0,3 0,0 4,4 20,5 12:10 E 30 14,5 16,4 20:02 11,4 23:47 3,8 0,0 1,0 3,5 24,5 21:47 E ---------------------------------------------------------------------------------- 16,0 26,5 13 4,5 25 95,0 26,5 25,0 3,3 30,2 17 E Max >= 27,0: 0 Max <= 0,0: 0 Min <= 0,0: 0 Min <= -18,0: 0 Max Rain: 8,8 on day 24 Days of Rain: 6 (>= 0,2 mm) 4 (>= 2,0 mm) 0 (>= 20,0 mm) Heat Base: 18,3 Cool Base: 18,3 Method: Integration