Cliccate su un Anno o un Mese per visualizzare il corrispondente resoconto
Resoconto relativo a 2016 Feb
Monthly Climatological Summary for feb 2016 Name: Oregon City: Soresina State: Italia Elevation: 70 m Lat: N 45° 17' 27" Lon: E 009° 50' 41" Temperature (°C), Rain (mm), Wind Speed (km/h) Heat Cool Avg Mean Deg Deg Wind Dom Day Temp High Time Low Time Days Days Rain Speed High Time Dir ---------------------------------------------------------------------------------- 1 5,8 7,9 18:10 3,4 00:00 12,5 0,0 0,2 1,9 11,5 14:30 E 2 8,1 9,7 14:30 6,8 08:59 10,2 0,0 0,0 0,9 6,1 02:10 SSO 3 7,9 9,5 14:36 4,4 23:57 10,4 0,0 5,7 2,2 15,8 16:26 SO 4 7,7 15,2 15:12 2,1 06:55 10,6 0,0 0,0 2,9 17,3 13:38 O 5 6,4 12,6 15:06 1,7 06:51 11,9 0,0 0,0 3,5 16,2 11:46 E 6 5,0 8,9 14:14 0,7 06:38 13,3 0,0 0,0 0,6 7,6 12:36 NO 7 6,4 8,9 14:58 4,8 03:45 11,9 0,0 18,6 3,0 28,1 13:10 ENE 8 7,6 12,7 13:49 5,0 00:00 10,7 0,0 1,5 2,2 10,4 12:51 ONO 9 7,5 10,1 12:53 3,8 08:09 10,8 0,0 16,1 4,7 29,9 19:52 ENE 10 8,6 14,3 14:31 3,3 23:57 9,7 0,0 0,2 5,9 24,8 11:44 ONO 11 5,6 12,4 14:21 -1,0 07:24 12,7 0,0 0,0 1,7 11,9 13:14 SSO 12 5,3 10,7 12:13 2,4 21:21 13,0 0,0 9,3 1,9 13,7 16:02 ENE 13 4,8 7,8 15:32 2,1 07:56 13,5 0,0 0,0 2,9 16,6 06:14 NO 14 5,1 6,1 13:08 3,7 03:38 13,2 0,0 5,4 1,3 16,2 09:42 NE 15 7,4 13,2 12:29 3,4 01:44 10,8 0,0 0,2 1,4 12,2 22:55 OSO 16 7,9 8,7 13:19 6,9 06:08 10,4 0,0 7,3 1,2 14,0 00:26 ENE 17 6,1 9,7 16:29 3,0 23:21 12,2 0,0 6,9 2,0 15,1 04:48 S 18 6,7 12,7 14:51 1,6 07:20 11,6 0,0 0,0 2,1 15,5 14:04 O 19 8,2 15,5 16:04 2,5 07:27 10,1 0,0 0,0 1,9 15,8 12:51 OSO 20 8,0 14,5 15:18 2,8 06:37 10,3 0,0 0,0 2,4 13,0 11:59 SO 21 9,7 18,1 14:39 3,0 07:12 8,6 0,0 0,0 2,4 12,2 14:14 O 22 9,8 16,0 12:17 3,7 06:10 8,5 0,0 0,0 2,0 10,4 23:02 ENE 23 10,8 15,9 13:20 7,0 22:46 7,5 0,0 0,0 1,6 12,2 00:19 NO 24 8,1 13,1 14:28 3,9 03:32 10,2 0,0 0,0 4,3 19,4 14:32 E 25 8,3 11,9 15:35 4,8 23:57 10,0 0,0 0,0 2,2 14,0 00:18 E 26 5,2 9,7 14:51 0,4 06:47 13,1 0,0 6,0 3,6 21,2 14:26 ENE 27 5,8 8,5 23:25 5,0 04:51 12,5 0,0 14,2 4,4 30,6 23:58 E 28 9,0 11,1 20:06 6,5 11:35 9,3 0,0 25,8 6,5 37,1 03:44 ENE 29 10,5 13,6 13:07 8,9 06:49 7,8 0,0 26,6 7,7 31,7 12:24 ENE ---------------------------------------------------------------------------------- 7,4 18,1 21 -1,0 11 317,3 0,0 144,0 2,8 37,1 28 NE Max >= 27,0: 0 Max <= 0,0: 0 Min <= 0,0: 1 Min <= -18,0: 0 Max Rain: 26,6 on day 29 Days of Rain: 15 (>= 0,2 mm) 11 (>= 2,0 mm) 2 (>= 20,0 mm) Heat Base: 18,3 Cool Base: 18,3 Method: Integration