Cliccate su un Anno o un Mese per visualizzare il corrispondente resoconto
Resoconto relativo a 2015 Lug
Monthly Climatological Summary for lug 2015 Name: Oregon City: Soresina State: Italia Elevation: 70 m Lat: N 45° 17' 27" Lon: E 009° 50' 41" Temperature (°C), Rain (mm), Wind Speed (km/h) Heat Cool Avg Mean Deg Deg Wind Dom Day Temp High Time Low Time Days Days Rain Speed High Time Dir ---------------------------------------------------------------------------------- 1 27,9 34,5 16:38 21,2 05:52 0,0 9,6 0,0 2,7 13,0 12:11 E 2 29,2 36,9 17:13 21,3 06:00 0,0 10,9 0,0 2,1 14,0 23:32 ENE 3 28,8 35,2 15:35 22,7 06:06 0,0 10,5 0,0 3,7 21,2 17:01 E 4 29,3 37,4 16:53 21,4 05:57 0,0 11,0 0,0 2,3 14,0 08:15 ENE 5 29,9 36,7 17:50 23,5 05:54 0,0 11,6 0,0 1,7 15,8 14:36 E 6 31,4 39,1 16:21 23,8 05:53 0,0 13,1 0,0 1,6 12,2 22:50 ENE 7 32,0 38,1 17:25 25,7 06:09 0,0 13,7 0,0 1,9 10,4 16:03 E 8 30,9 37,4 16:02 26,0 06:11 0,0 12,6 0,0 1,6 10,4 13:17 NO 9 27,3 30,9 16:20 24,1 07:20 0,0 9,0 0,0 5,9 28,4 10:10 E 10 26,0 31,8 16:47 20,2 06:07 0,0 7,7 0,0 3,6 21,2 11:47 E 11 27,2 35,1 16:51 19,6 06:16 0,0 8,9 0,0 2,2 12,2 08:03 NE 12 28,5 35,6 15:29 22,3 05:25 0,0 10,2 0,0 2,3 11,5 03:28 ENE 13 28,7 35,5 16:57 23,6 05:38 0,0 10,4 0,0 2,4 10,4 14:51 S 14 29,5 36,4 16:54 22,3 05:04 0,0 11,2 0,0 2,5 11,5 10:08 E 15 30,0 35,5 17:01 24,3 05:49 0,0 11,7 0,0 3,7 16,9 14:49 E 16 30,7 38,6 16:45 24,8 06:33 0,0 12,4 0,0 3,1 13,7 09:53 E 17 31,2 38,5 15:41 24,1 05:12 0,0 12,9 0,0 1,3 10,4 00:42 ONO 18 27,9 30,3 22:27 27,8 00:00 0,0 9,6 0,0 0,1 6,8 22:56 SO 19 30,7 38,1 15:42 23,1 06:18 0,0 12,4 0,0 1,3 9,4 10:19 ONO 20 30,6 38,5 16:39 23,3 04:50 0,0 12,3 0,0 1,0 10,1 10:59 O 21 31,4 39,2 16:28 24,4 05:50 0,0 13,1 0,0 1,2 11,5 12:23 SO 22 31,0 40,0 16:49 23,8 05:32 0,0 12,7 0,0 2,0 19,8 19:31 SSO 23 30,8 39,2 16:32 23,2 05:58 0,0 12,5 0,0 1,8 11,2 11:26 OSO 24 28,4 35,1 15:46 23,4 07:33 0,0 10,1 0,0 3,9 27,7 18:16 E 25 27,6 35,2 17:09 21,7 08:23 0,0 9,3 1,1 2,0 15,1 04:31 ONO 26 26,9 31,3 16:11 22,9 05:07 0,0 8,6 0,0 5,4 25,2 11:01 E 27 28,0 35,2 17:08 21,4 06:35 0,0 9,7 0,0 3,0 14,4 02:57 ENE 28 27,3 34,1 18:16 21,3 04:01 0,0 9,0 0,0 2,9 16,6 09:25 E 29 27,5 35,2 16:29 21,5 06:23 0,0 9,3 0,0 2,1 16,6 19:31 ONO 30 25,8 30,4 17:21 21,5 06:16 0,0 7,5 0,0 6,5 19,4 11:09 E 31 23,9 28,7 16:43 20,0 07:27 0,0 5,6 0,2 7,7 25,9 09:28 E ---------------------------------------------------------------------------------- 28,9 40,0 22 19,6 11 0,0 329,1 1,3 2,8 28,4 9 E Max >= 27,0: 31 Max <= 0,0: 0 Min <= 0,0: 0 Min <= -18,0: 0 Max Rain: 1,1 on day 25 Days of Rain: 2 (>= 0,2 mm) 0 (>= 2,0 mm) 0 (>= 20,0 mm) Heat Base: 18,3 Cool Base: 18,3 Method: Integration